*j + 5*r + 1383 = 0. List the prime factors of j.
347
Let b be 5 - (7 + 3) - -175. Let t = b - -271. What are the prime factors of t?
3, 7
Let w = -309 - -307. What are the prime factors of 10*(-199 - w)*7/(-14)?
5, 197
Let f(r) = 25*r**2 - 79*r + 522. List the prime factors of f(35).
2, 23, 617
Let k(y) = y**3 + 4*y**2 - 25*y - 25. Let p be k(-7). Suppose 250 = -p*u + 823. What are the prime factors of u?
191
Suppose 644*j - 602*j - 162162 = 0. List the prime factors of j.
3, 11, 13
Let x(o) = 3001*o + 2022. List the prime factors of x(20).
2, 67, 463
Let t(f) = f. Let m(g) = 38*g**2 + 7*g - 19. Let x(n) = m(n) + 4*t(n). List the prime factors of x(4).
3, 211
What are the prime factors of (8/12 - (-11)/(-3)) + 12303 + 2?
2, 6151
Let v(o) = 2*o**2 - 17. Let r = 42 - 49. Let x be v(r). Let a = x + -32. What are the prime factors of a?
7
Let j(b) = 6*b**3 + 2*b**2 - 48*b + 32. List the prime factors of j(12).
2, 79
Suppose -39981 - 1971 = 16*u. Let t = u + 4291. What are the prime factors of t?
1669
Let c = 9324 - 5712. What are the prime factors of c?
2, 3, 7, 43
Suppose -17*u = -12*u - 4*t - 46609, -3*u - 5*t + 27921 = 0. What are the prime factors of u?
7, 11
Suppose -7*w + 7 + 7 = 0. Suppose -6*k + 2*k = -w*r + 692, -3*r = -3*k - 1038. Let l = 613 - r. List the prime factors of l.
3, 89
Let w = 499 + -927. Let z = -54 - w. What are the prime factors of z?
2, 11, 17
Suppose -63*c = -65*c - 4*v - 2, 0 = -2*c - 3*v + 1. Suppose -1231 = -c*l - 276. What are the prime factors of l?
191
Let c be (-2)/3*(3 + -397 + 1). Let u = -52 + c. What are the prime factors of u?
2, 3, 5, 7
Let a(r) = 40*r - 318 - 43*r - 117*r - 222*r. What are the prime factors of a(-4)?
2, 3, 5, 7
Let z = 874 + -846. Suppose -z*j + 9078 = -11*j. List the prime factors of j.
2, 3, 89
Suppose 0 = 5*d + 7881 - 47481. Suppose 9*c - d = -c. Suppose 0 = 5*o - 2*m - c, -46 - 108 = -o - 4*m. List the prime factors of o.
2, 79
Let m(s) = s**3 - 6*s**2 - 31*s + 9. Suppose 0 = -4*h - 5*j + 65, -5 = 3*j - 20. List the prime factors of m(h).
3, 11
Let g = -6114 + 17284. What are the prime factors of g?
2, 5, 1117
Let w(o) = -5*o + 68. Let u be w(13). Suppose -u*j + 4 = -5. Suppose 6*k - j*k = 114. What are the prime factors of k?
2, 19
List the prime factors of (-1 - -5)/((-13)/((-227487)/6)).
2, 19, 307
Let v(x) = -3*x**3 - x**2 + 6*x - 2. Suppose 5 = w, 0*w = -4*l - 2*w - 14. What are the prime factors of v(l)?
2, 7, 41
Let j be 1 + (-35)/49 + 248/14. Suppose 3*x = j - 6. Suppose -4*r + 2*g = -590, 3*r - x*g = 434 + 21. What are the prime factors of r?
5, 29
Suppose -2 = g + 2, -2*f + g = -44. Suppose 2*l - 26 = -f. What are the prime factors of (5 - -133)/l*1?
2, 23
Let o be ((-2)/(-6))/((-6)/(-18)) + 1. Suppose p - 5*m = -14, 3 = -5*p - o*m + 41. What are the prime factors of (0 - p)*172/(-12)?
2, 43
Suppose 7*d - 58 = -2. Suppose -1039 = -d*k + 1113. What are the prime factors of k?
269
Suppose 0 = -3*n + 2*t + 36, -48 = -4*n - 8*t + 3*t. Let z(k) = 3*k**2 + 6*k - 43. What are the prime factors of z(n)?
461
Let f be 2 - ((20 - -1) + -5). What are the prime factors of (f - -7)*(-40)/2?
2, 5, 7
Suppose -3*t + 34 = -2*n, -2*n - n - 57 = -5*t. Suppose -t = -8*d + 12. Suppose -d*y - x + 581 = 0, -3*x + 80 = 5*y - 891. List the prime factors of y.
193
Let j(y) = 7*y**3 - 6*y**2 - 16*y - 26. Let a(z) = 13*z**3 - 14*z**2 - 32*z - 53. Let c(h) = -6*a(h) + 11*j(h). List the prime factors of c(11).
5, 211
Let t = 9478 + 353. What are the prime factors of t?
3, 29, 113
Let f(q) = 2*q + 22. Let t(w) be the third derivative of w**6/120 + w**5/10 - w**4/6 - 4*w**3 - 11*w**2. Let d be t(-6). What are the prime factors of f(d)?
2, 11
Let t = 12675 - 4483. What are the prime factors of t?
2
Let a = 5601 - -5910. What are the prime factors of a?
3, 1279
Let i be 30 + 1/((-1)/4). List the prime factors of ((364/(-5))/1)/(i/(-130)).
2, 7, 13
Let c be 80/(-680) - 49372/(-34). Suppose 9*v - 11*v = -c. What are the prime factors of v?
2, 3, 11
Let d be (-14)/(-21) + (-2)/3. Suppose d = 9*a - 14*a + 150. Suppose -3*w = -2*o - 30 - 55, 2*w = -4*o + a. List the prime factors of w.
5
Let c(a) = a**3 - 6*a**2 - 6*a + 6. Let p be c(-7). List the prime factors of p/(-3) - (-4)/(-12).
2, 7
Let v(q) = 117*q - 32. Let b(n) = -n**2 - 2*n + 3. Let k be b(0). List the prime factors of v(k).
11, 29
Let s = -392 - -391. List the prime factors of (-948)/((3 - 3)/(-4) + s).
2, 3, 79
What are the prime factors of (14 - 440/33)*56586?
2, 9431
Suppose -188*m + 3*k + 36636 = -187*m, 4*m + 5*k - 146510 = 0. List the prime factors of m.
2, 3, 5, 11, 37
Let t(k) = -2*k**2 + 24*k - 65. Let r be t(5). List the prime factors of 1043 + 10 + (r - 3).
5, 211
Suppose 0 = u - 4*u + 204. Let g = u + 21. Let s = g + -28. List the prime factors of s.
61
Suppose -8*k = -22 - 90. Suppose k = h + 9. Suppose -4*w + 5*g = -44, 4*w = 3*w + h*g + 26. What are the prime factors of w?
2, 3
Let r = 70 + 91. Suppose -14*n + 3465 = r. List the prime factors of n.
2, 59
Let t(y) = 75*y + 876. Let o(k) = -15*k - 175. Let f(q) = -21*o(q) - 4*t(q). List the prime factors of f(23).
2, 3, 43
Let w be (-3)/5 + 861/35. Suppose w = 3*n + 3. Let i(z) = -z**3 + 9*z**2 + 10. List the prime factors of i(n).
2, 3
Let a = -2303 + 26662. List the prime factors of a.
24359
Let t = -103 + 98. List the prime factors of (84/t)/((-9)/120).
2, 7
Let j(c) = -236*c - 4043. List the prime factors of j(-63).
5, 433
Let u be ((-2)/5 + (-84)/(-60))*3. Suppose -u*q = 2*o - 251, -3*q = -0*o - 5*o - 265. List the prime factors of q.
5, 17
Let t(f) = -f**2 - 5*f - 2. Let c be t(-2). Suppose -c*d + 16 = -16. Suppose 456 - 40 = d*w. What are the prime factors of w?
2, 13
Suppose -10*t - 10 = -12*t. Suppose -8*n + 1002 = -5*n - 3*p, -t*n = 3*p - 1662. What are the prime factors of n?
3, 37
Let u(h) = -h**3 + 5*h**2 + 9*h - 12. Let k be u(6). Suppose -k*p + 0 = -6. List the prime factors of 1976/(-39)*(-18)/8*p.
2, 3, 19
Suppose 5*x - 8795 = a, 4*x - 2*a - 9813 = -2783. List the prime factors of (-1 + 0)*x/(-16 - -6).
2, 11
Let p(b) = 2*b**3 + 24*b**2 + 37*b + 159. Let m be p(-11). Let y be (-2488)/(-14) + 6/21. What are the prime factors of (-11 - y)/(m/4)?
2, 3, 7
Suppose w + 3*q = -127 - 109, -2*q = w + 234. Let j = 17 + w. Let a = -112 - j. What are the prime factors of a?
101
Let k be (-30)/(-3)*149 - 2. Suppose 5*y = 67 + k. List the prime factors of y.
311
Let t be 3*((-28)/6 + 0). Suppose -47*u - 380 = -12147 + 1239. Let p = u + t. List the prime factors of p.
2, 3, 5, 7
Let s = -56295 + 81374. List the prime factors of s.
31, 809
Let w(v) be the second derivative of -v**4/12 + 5*v**3/6 + 14*v**2 - 32*v. Let m be w(8). Suppose o - 55 = -x, -x = -5*o - 51 - m. List the prime factors of x.
5, 11
Let z(b) = -6*b**2 + 4*b - 93. Let k be z(21). Let p = 3804 + k. What are the prime factors of p?
3, 383
Suppose 0 = -8*m + 2*m + 20772. Suppose -m + 1166 = 8*x. Let l = -94 - x. What are the prime factors of l?
193
Suppose 4*m - 6*m - 23044 = -4*q, 0 = 2*q - 2*m - 11522. List the prime factors of q.
7, 823
Let n(t) = t**2. Let i(k) = -28*k**2 + 3*k + 7. Let r(o) = -i(o) - 5*n(o). Let a be ((-6)/(-4))/(6/(-8)). List the prime factors of r(a).
7, 13
Suppose 5*y - 3*c = 10*y - 803, -3*y + 483 = 3*c. Let d = 248 - y. What are the prime factors of d?
2, 11
Let x(q) = 8*q**3 - 6*q**2 + 10*q + 12. Let v be x(6). Suppose 2*r = 4*j + 792, -4*r - 6*j + j = -v. What are the prime factors of r?
2, 3, 11
Suppose -12 = -y - 14. Let n be 59 + y - 1*(0 + -1). Suppose -135 = -61*l + n*l. What are the prime factors of l?
3, 5
What are the prime factors of (-540)/80*-396 + (-1 - 6)?
2, 31, 43
List the prime factors of ((-230)/92)/(4 + 1)*1*-52618.
26309
Let x = 37852 + -24916. List the prime factors of x.
2, 3, 7, 11
Let b = 53 - 70. Let y(f) = -f**3 - 18*f**2 - 15*f + 38. Let i be y(b). Suppose g = -s + 10, 29 = 5*g + i. List the prime factors of s.
5
Let p = 12999 - 3641. List the prime factors of p.
2, 4679
Suppose -l + 3*l - 22 = t, 0 = 4*t + 5*l + 114. Let w(p) = p**2 + 5*p + 4. List the prime factors of w(t).
2, 5, 11
Let n(a) = 12 - 41*a - 7 - 3 + 6*a**2. What are the prime factors of n(10)?
2, 3
Suppose -5*u + 59 = 3*v, -3*v + 2*v = 5*u - 53. Let m be u/(66/168 - (-2)/(-8)). What are the prime f